)/p).
5
Calculate the remainder when (207/(-36))/(1/(-4)) is divided by 12.
11
Let l = 39 - 32. Calculate the remainder when 10 is divided by l.
3
Suppose g = -g + 142. Let n = g - 40. What is the remainder when 60 is divided by n?
29
Let r(z) = z + 1. Let s be r(1). Let t(x) = 3*x**2 - 5 + 16*x**s + 4 + 2. Calculate the remainder when t(-1) is divided by 11.
9
Let i be 4 - ((-1)/1 - 90). Suppose -8*t + 3*t - i = -5*o, -3*t = 2*o - 28. What is the remainder when o is divided by (-1)/(-3) + 58/6?
7
Suppose 0*o + 4 = o. Suppose -1 = -5*k - 2*g + 3, k - 3*g = 11. Calculate the remainder when o is divided by k.
0
Suppose 3*i = -3*z + 111, -16 - 46 = -2*z + 4*i. What is the remainder when 1001/z - (-4)/10 is divided by 10?
9
Let h(i) = -2*i**3 + 2*i**2 - 4*i. Let d(o) = -3*o**3 + 2*o**2 - 5*o - 1. Let m(w) = -3*d(w) + 4*h(w). Calculate the remainder when m(3) is divided by 16.
13
Let w be (4/(-6))/(9/(-27)). Suppose 1 = 3*z + w*d - 41, d - 3 = 0. What is the remainder when 46 is divided by z?
10
Suppose -5*p + 20 = 3*k, -2*p + 2*k - 13 = -k. Let m = p - 5. What is the remainder when m/(2/38*-2) is divided by 13?
12
Suppose 4*k + 32 = 160. Calculate the remainder when 63 is divided by k.
31
Calculate the remainder when (8/6)/(14/903) is divided by 29.
28
Let k = -31 + 53. What is the remainder when 63 is divided by k?
19
Let a = -7 + 14. Suppose a*c + 12 = 3*c, -4*f + 159 = -c. What is the remainder when f is divided by 20?
19
Suppose 21 = -5*n + 1. Let w be 494/8 + (-1)/n. Calculate the remainder when 30 is divided by (-1)/(-4) - w/(-8).
6
Suppose -5*p = -0*p - 5. Suppose 0*o + 40 = 5*o. Calculate the remainder when 46/(2 - 0/p) is divided by o.
7
Let m(t) = -t**2 - 12*t - 20. What is the remainder when 27 is divided by m(-9)?
6
Let l = -31 + 74. Suppose -l = -0*r - r. Calculate the remainder when r is divided by 15.
13
Let r be (-4)/(-4) - (-1 + 0). Suppose 15 + 29 = r*j. What is the remainder when j is divided by 12?
10
Suppose 0 = 7*b - 8*b + 159. Suppose -b = -4*q - 5*t, -4*t - 57 = -2*q + 29. What is the remainder when q is divided by 14?
13
What is the remainder when 70 is divided by (-5)/(-10) + 365/10?
33
Let i = 40 + -25. Let b = 14 - 29. Let p = -7 - b. What is the remainder when i is divided by p?
7
Let z = -65 - -76. Let j = 17 - 11. Let g = j + 0. Calculate the remainder when z is divided by g.
5
Let n be (-4)/10 + (-34)/(-10). Let t = 7 - n. What is the remainder when t is divided by 2?
0
Suppose -3*d = -9 - 6. Suppose -76 = -4*j - d*p + 120, j - 3*p = 66. What is the remainder when j is divided by 28?
26
Suppose 0 = 6*r - 3*r - 57. What is the remainder when 111 is divided by r?
16
Let c = 37 + -3. Calculate the remainder when 65 is divided by c.
31
Suppose 0 = -2*s - v + 110, 2*v = -4*s + v + 220. What is the remainder when s is divided by 14?
13
What is the remainder when 49 is divided by 4*-2*15/(-40)?
1
Let s(y) = y**3 + 13*y**2 - 16*y - 12. What is the remainder when s(-14) is divided by 15/2*(-12)/(-10)?
7
Let r(u) = 0*u - u - u + 1. Let d = -3 - -1. Calculate the remainder when 8 is divided by r(d).
3
Suppose -6 = w + q, 5*q + 16 = -3*w - 8. Calculate the remainder when 60/(-9)*w/2 is divided by 4.
2
Let a be (1 - 4) + (-16)/2. Let w = 20 + a. What is the remainder when w is divided by 5?
4
Let r(x) = -3*x - 10. What is the remainder when 41 is divided by r(-8)?
13
Suppose -1 = -4*c - 3*g + 7, -2*c = 4*g - 4. Suppose -c*p - 10 = -b, -10 = -2*b + 2*p + 12. Calculate the remainder when b is divided by 7.
5
Let u = 13 + -9. Suppose 0 = h - u + 1. What is the remainder when 8 is divided by h?
2
Let o(g) = g**3 + 5*g**2 - 3*g - 7. Let x be o(-5). Let n = 1 + x. Calculate the remainder when 24 is divided by n.
6
Suppose -2*h + 5*g + 362 = 3*g, -2*h + 5*g + 365 = 0. Let y = h + -122. What is the remainder when y is divided by 15?
13
Suppose -2*y - 3*y + 2*q = -4, -17 = -y - 5*q. Suppose u + 3*u + 2*b - 42 = 0, -y*u - 3*b = -15. What is the remainder when u is divided by 7?
5
Let h(v) = -v**3 + 6*v**2 + 3*v - 8. Let k be 0 + -1 + 7/1. Let y(f) = -f**3 + 7*f**2 - f - 7. What is the remainder when y(5) is divided by h(k)?
8
Let w = 34 - 25. Calculate the remainder when 12 is divided by w.
3
Suppose 82 - 22 = 5*p - 5*l, -l = -2. Let b(n) = 3*n + 2. Calculate the remainder when 430/p + 2/7 is divided by b(2).
7
Let s(o) = 100*o**3 + o**2. What is the remainder when s(1) is divided by 13?
10
Suppose 2*m + 250 = -0*m. Let r = m + 179. Suppose 2*c - r = 2. What is the remainder when c is divided by 10?
8
Let x(g) = -g + 5. What is the remainder when 111 is divided by x(-23)?
27
Suppose 74 = 5*n - 4*m - 83, 4 = 2*m. Calculate the remainder when n is divided by 6.
3
Let z = 9 - 6. Suppose z*x + x - 48 = 0. Calculate the remainder when 46 is divided by x.
10
Let b(s) = 5*s + 3. Let y be b(-4). Let l = 29 + y. What is the remainder when 46 is divided by l?
10
Let g(b) = -3*b. Let w be g(-6). Let k = 33 - w. Calculate the remainder when k is divided by 9.
6
Let m = 1 - -10. Suppose k = 3*d + 1, 5*k + 3*d + 0 - 5 = 0. Calculate the remainder when -4 + 26 - (1 + k) is divided by m.
9
Let w = 173 - 95. Calculate the remainder when w is divided by 20.
18
Calculate the remainder when 139 is divided by -3*(253/(-21) + 14/(-49)).
28
Let p(n) = -4*n**3 - n - 2. Calculate the remainder when 94 is divided by p(-2).
30
Suppose -4*o = 12 - 408. Suppose -3*j = -4*r + o, -r + j + 31 = -j. What is the remainder when 39 is divided by r?
18
Let v = 10 - 5. Suppose -3*x = -4*x + t + 7, 32 = 4*x - v*t. Calculate the remainder when x is divided by 3.
0
Let b(z) = 2*z**2 + z - 2. Let i(y) be the first derivative of y**2/2 + y - 9. What is the remainder when b(2) is divided by i(4)?
3
Let s be ((-3)/4)/1*-12. Suppose 0 = 3*y + 9 + s. Let v = y + 13. Calculate the remainder when 19 is divided by v.
5
Let v(a) = a**2 + 8*a + 13. Calculate the remainder when v(-8) is divided by 8.
5
Suppose p - 3 = 5. Suppose -2*k - 4*l = -k + 11, 4*k + 3*l - p = 0. Suppose -q + 3 + 7 = 2*n, -3*q + 26 = k*n. Calculate the remainder when 5 is divided by q.
1
Let a be (-2 - -5)*-1*-101. Suppose 4*t + 2*i = a - 49, 0 = -i - 1. Suppose j = -3*j + t. Calculate the remainder when 30 is divided by j.
14
Suppose -3*h = -4 - 11, -5*h - 99 = -2*v. Let b = 6 + -6. Suppose b = 8*o - 3*o - 105. What is the remainder when v is divided by o?
20
Suppose -d - d + 14 = 0. What is the remainder when 33 is divided by d?
5
Suppose m + 39 = 2*m. Suppose -42 = -5*n + 2*n. What is the remainder when m is divided by n?
11
Let l be (2 + 0 - 2)/(-1). Suppose 0 = -4*j - l + 8. What is the remainder when 24 is divided by 0 + (13 - 0/j)?
11
Let b(n) = -n**2 + 3*n - 2. Let m be b(2). Calculate the remainder when (m - 13)*(-1)/1 is divided by 4.
1
Suppose -5*q + 8 = -2, -5*n + 23 = 4*q. Suppose n*p = 7 + 92. Let z = -19 + p. Calculate the remainder when 26 is divided by z.
12
Let k = -13 + 27. What is the remainder when k is divided by 5?
4
Suppose -4 = v - 26. Let y(w) = -w**3 + 5*w**2 + 9*w - 6. What is the remainder when v is divided by y(6)?
10
Let b = 52 - 150. Let r = b + 149. What is the remainder when r is divided by 18?
15
Let x be (9/12)/((-2)/(-144)). Suppose 6*i = 4*i + x. Calculate the remainder when i is divided by 10.
7
Let s(a) = 3*a - 3. What is the remainder when 53 is divided by s(6)?
8
Let x(b) = -b + 11. Let y be x(9). Calculate the remainder when 40/(4/y + -1) is divided by 14.
12
Let s = -11 - -34. Calculate the remainder when 136 is divided by s.
21
Let f = 9 - 3. Calculate the remainder when 51 is divided by f.
3
Suppose 0*u = -8*u + 288. Calculate the remainder when u is divided by 22.
14
Let n = 10 - -24. What is the remainder when n is divided by 19?
15
Suppose -13*w + 16*w - 57 = 0. What is the remainder when (54/5)/((-3)/(-15)) is divided by w?
16
Let k = 20 + -10. Suppose -6*h + 48 + 54 = 0. What is the remainder when h is divided by k?
7
Calculate the remainder when 406/10 + 2/5 is divided by 23.
18
Let j = 27 + -21. Let o be 62*(-2)/((-8)/2). Let f = o - 21. Calculate the remainder when f is divided by j.
4
Suppose 4*l + 5 - 37 = 0. Calculate the remainder when 17 is divided by l.
1
Let y(x) = 2*x**2 - 7*x + 5. What is the remainder when 56 is divided by y(5)?
16
Let u = 25 - 21. C